{"id":12,"date":"2019-05-04T23:16:17","date_gmt":"2019-05-04T21:16:17","guid":{"rendered":"https:\/\/www.fwg-kreis-kl.de\/fwg\/?page_id=12"},"modified":"2024-05-13T22:56:37","modified_gmt":"2024-05-13T20:56:37","slug":"startseite","status":"publish","type":"page","link":"https:\/\/fwg-vg-landstuhl.de\/queidersbach\/","title":{"rendered":"Startseite"},"content":{"rendered":"<p>[et_pb_section fb_built=&#8220;1&#8243; _builder_version=&#8220;4.16&#8243; global_colors_info=&#8220;{}&#8220;][et_pb_row column_structure=&#8220;2_3,1_3&#8243; _builder_version=&#8220;4.16&#8243; background_size=&#8220;initial&#8220; background_position=&#8220;top_left&#8220; background_repeat=&#8220;repeat&#8220; global_colors_info=&#8220;{}&#8220;][et_pb_column type=&#8220;2_3&#8243; _builder_version=&#8220;4.16&#8243; custom_padding=&#8220;|||&#8220; global_colors_info=&#8220;{}&#8220; custom_padding__hover=&#8220;|||&#8220;][et_pb_image src=&#8220;https:\/\/fwg-vg-landstuhl.de\/queidersbach\/wp-content\/uploads\/sites\/2\/2024\/05\/Gruppenbild1.png&#8220; _builder_version=&#8220;4.24.2&#8243; _module_preset=&#8220;default&#8220; title_text=&#8220;Gruppenbild1&#8243; hover_enabled=&#8220;0&#8243; sticky_enabled=&#8220;0&#8243;][\/et_pb_image][et_pb_text admin_label=&#8220;Text&#8220; _builder_version=&#8220;4.24.2&#8243; z_index_tablet=&#8220;500&#8243; global_colors_info=&#8220;{}&#8220;]<\/p>\n<h1>Zeit f\u00fcr Ver\u00e4nderungen<\/h1>\n<p>Liebe Queidersbacherinnen, liebe Queidersbacher,<\/p>\n<p>am 09. Juni stehen die Kommunalwahlen an. Ein entscheidender Moment f\u00fcr Queidersbachs Zukunft. Die FWG wirbt erneut um Ihr Vertrauen und Ihre Stimme.<\/p>\n<p>Es sind nun seit der letzten Wahl schon wieder 5 Jahre vergangen. Heute wie damals haben sich unsere Ziele kaum ver\u00e4ndert. Somit ist es nun an der Zeit klare Priorit\u00e4ten zu setzen und in den n\u00e4chsten 5 Jahr<\/p>\n<p>en Projekte z\u00fcgig in die Tat umzusetzen, um eine bessere Zukunft f\u00fcr Queidersbach zu gestalten.<\/p>\n<p>Unser Ortsb\u00fcrgermeisterkandidat steht f\u00fcr frischen Wind und m\u00f6chte die Gemeinde beleben. Es ist Zeit f\u00fcr Ver\u00e4nderungen!<\/p>\n<p>Ihre Unterst\u00fctzung und Ihre Stimme sind uns wichtig. Vielen Dank.<\/p>\n<p>Herzliche Gr\u00fc\u00dfe<br \/>Ihr<\/p>\n<table style=\"border: medium; height: 167px;\" border=\"0\">\n<tbody>\n<tr style=\"height: 167px;\">\n<td style=\"border: medium; height: 167px; width: 350.1px;\"><img loading=\"lazy\" decoding=\"async\" class=\"alignnone size-full wp-image-305\" src=\"https:\/\/fwg-vg-landstuhl.de\/queidersbach\/wp-content\/uploads\/sites\/2\/2019\/05\/unterschrift-schmitt.png\" alt=\"\" width=\"200\" height=\"101\" \/><br \/>J\u00fcrgen Schmitt<br \/>Vorsitzender der FWG Queidersbach<\/td>\n<td style=\"border: medium; height: 167px; width: 350.083px;\">\n<h1><img loading=\"lazy\" decoding=\"async\" class=\"wp-image-356 aligncenter \" src=\"https:\/\/fwg-vg-landstuhl.de\/queidersbach\/wp-content\/uploads\/sites\/2\/2024\/05\/Unterschrift-Florian-1-1.jpg\" alt=\"\" width=\"168\" height=\"82\" \/><\/h1>\n<p>Florian M\u00fcller<br \/>Ortsb\u00fcrgermeisterkandidat der FWG<\/p>\n<\/td>\n<\/tr>\n<\/tbody>\n<\/table>\n<p>&nbsp;<\/p>\n<p>[\/et_pb_text][\/et_pb_column][et_pb_column type=&#8220;1_3&#8243; _builder_version=&#8220;4.16&#8243; custom_padding=&#8220;|||&#8220; global_colors_info=&#8220;{}&#8220; custom_padding__hover=&#8220;|||&#8220;][et_pb_search exclude_pages=&#8220;off&#8220; placeholder=&#8220;Suche&#8220; _builder_version=&#8220;4.16&#8243; custom_margin=&#8220;0px|||&#8220; z_index_tablet=&#8220;500&#8243; input_text_shadow_horizontal_length=&#8220;input_text_shadow_style,%91object Object%93&#8243; input_text_shadow_vertical_length=&#8220;input_text_shadow_style,%91object Object%93&#8243; input_text_shadow_blur_strength=&#8220;input_text_shadow_style,%91object Object%93&#8243; saved_tabs=&#8220;all&#8220; global_colors_info=&#8220;{}&#8220;][\/et_pb_search][et_pb_countdown_timer title=&#8220;Am 09. Juni ist Wahl!&#8220; date_time=&#8220;2024-06-09 08:00&#8243; _builder_version=&#8220;4.24.2&#8243; use_background_color=&#8220;off&#8220; use_background_color_gradient=&#8220;on&#8220; background_color_gradient_type=&#8220;circular&#8220; background_color_gradient_stops=&#8220;rgba(74,117,158,0.15) 15%|rgba(0,83,159,0.25) 100%&#8220; background_color_gradient_start=&#8220;rgba(74,117,158,0.15)&#8220; background_color_gradient_start_position=&#8220;15%&#8220; background_color_gradient_end=&#8220;rgba(0,83,159,0.25)&#8220; vertical_offset_tablet=&#8220;0&#8243; horizontal_offset_tablet=&#8220;0&#8243; text_orientation=&#8220;left&#8220; background_layout=&#8220;light&#8220; custom_padding=&#8220;20px|20px|20px|20px&#8220; background_color_gradient_stops_tablet=&#8220;rgba(74,117,158,0.15) 15%|rgba(0,83,159,0.25) 100%&#8220; background_color_gradient_stops_phone=&#8220;rgba(74,117,158,0.15) 15%|rgba(0,83,159,0.25) 100%&#8220; z_index_tablet=&#8220;500&#8243; separator_text_shadow_horizontal_length_tablet=&#8220;0px&#8220; separator_text_shadow_vertical_length_tablet=&#8220;0px&#8220; separator_text_shadow_blur_strength_tablet=&#8220;1px&#8220; border_radii=&#8220;on|15px|15px|15px|15px&#8220; box_shadow_style=&#8220;preset2&#8243; global_module=&#8220;223&#8243; saved_tabs=&#8220;all&#8220; global_colors_info=&#8220;{}&#8220;][\/et_pb_countdown_timer][et_pb_text admin_label=&#8220;Kontakt&#8220; _builder_version=&#8220;4.16&#8243; use_background_color_gradient=&#8220;on&#8220; background_color_gradient_type=&#8220;circular&#8220; background_color_gradient_stops=&#8220;rgba(74,117,158,0.15) 15%|rgba(0,83,159,0.25) 100%&#8220; background_color_gradient_start=&#8220;rgba(74,117,158,0.15)&#8220; background_color_gradient_start_position=&#8220;15%&#8220; background_color_gradient_end=&#8220;rgba(0,83,159,0.25)&#8220; custom_margin=&#8220;||20px|&#8220; custom_padding=&#8220;20px|20px|20px|20px&#8220; background_color_gradient_stops_tablet=&#8220;rgba(74,117,158,0.15) 15%|rgba(0,83,159,0.25) 100%&#8220; background_color_gradient_stops_phone=&#8220;rgba(74,117,158,0.15) 15%|rgba(0,83,159,0.25) 100%&#8220; z_index_tablet=&#8220;500&#8243; border_radii=&#8220;on|15px|15px|15px|15px&#8220; box_shadow_style=&#8220;preset2&#8243; global_module=&#8220;224&#8243; saved_tabs=&#8220;all&#8220; global_colors_info=&#8220;{}&#8220;]<\/p>\n<h3><span style=\"color: #000000;\">Kontakt zur FWG<\/span><\/h3>\n<p><span style=\"color: #000000;\">FWG \u2013 Freie W\u00e4hlergruppe Ortsgemeinde Queidersbach e.V.<br \/>J\u00fcrgen Schmitt<br \/>Zum Woogacker 48<br \/>66851 Queidersbach<br \/>E-Mail: ju-sch@kabelmail.de<br \/><\/span><\/p>\n<p>[\/et_pb_text][\/et_pb_column][\/et_pb_row][\/et_pb_section]<\/p>\n","protected":false},"excerpt":{"rendered":"<p>Zeit f\u00fcr Ver\u00e4nderungen Liebe Queidersbacherinnen, liebe Queidersbacher, am 09. Juni stehen die Kommunalwahlen an. Ein entscheidender Moment f\u00fcr Queidersbachs Zukunft. Die FWG wirbt erneut um Ihr Vertrauen und Ihre Stimme. Es sind nun seit der letzten Wahl schon wieder 5 Jahre vergangen. Heute wie damals haben sich unsere Ziele kaum ver\u00e4ndert. Somit ist es nun [&hellip;]<\/p>\n","protected":false},"author":1,"featured_media":0,"parent":0,"menu_order":0,"comment_status":"closed","ping_status":"closed","template":"","meta":{"_et_pb_use_builder":"on","_et_pb_old_content":"","_et_gb_content_width":"","footnotes":""},"class_list":["post-12","page","type-page","status-publish","hentry"],"_links":{"self":[{"href":"https:\/\/fwg-vg-landstuhl.de\/queidersbach\/wp-json\/wp\/v2\/pages\/12","targetHints":{"allow":["GET"]}}],"collection":[{"href":"https:\/\/fwg-vg-landstuhl.de\/queidersbach\/wp-json\/wp\/v2\/pages"}],"about":[{"href":"https:\/\/fwg-vg-landstuhl.de\/queidersbach\/wp-json\/wp\/v2\/types\/page"}],"author":[{"embeddable":true,"href":"https:\/\/fwg-vg-landstuhl.de\/queidersbach\/wp-json\/wp\/v2\/users\/1"}],"replies":[{"embeddable":true,"href":"https:\/\/fwg-vg-landstuhl.de\/queidersbach\/wp-json\/wp\/v2\/comments?post=12"}],"version-history":[{"count":9,"href":"https:\/\/fwg-vg-landstuhl.de\/queidersbach\/wp-json\/wp\/v2\/pages\/12\/revisions"}],"predecessor-version":[{"id":504,"href":"https:\/\/fwg-vg-landstuhl.de\/queidersbach\/wp-json\/wp\/v2\/pages\/12\/revisions\/504"}],"wp:attachment":[{"href":"https:\/\/fwg-vg-landstuhl.de\/queidersbach\/wp-json\/wp\/v2\/media?parent=12"}],"curies":[{"name":"wp","href":"https:\/\/api.w.org\/{rel}","templated":true}]}}

<p>[et_pb_section fb_built=&#8220;1&#8243; _builder_version=&#8220;4.16&#8243; global_colors_info=&#8220;{}&#8220;][et_pb_row column_structure=&#8220;2_3,1_3&#8243; _builder_version=&#8220;4.16&#8243; background_size=&#8220;initial&#8220; background_position=&#8220;top_left&#8220; background_repeat=&#8220;repeat&#8220; global_colors_info=&#8220;{}&#8220;][et_pb_column type=&#8220;2_3&#8243; _builder_version=&#8220;4.16&#8243; custom_padding=&#8220;|||&#8220; global_colors_info=&#8220;{}&#8220; custom_padding__hover=&#8220;|||&#8220;][et_pb_image src=&#8220;https://fwg-vg-landstuhl.de/queidersbach/wp-content/uploads/sites/2/2024/05/Gruppenbild1.png&#8220; _builder_version=&#8220;4.24.2&#8243; _module_preset=&#8220;default&#8220; title_text=&#8220;Gruppenbild1&#8243; hover_enabled=&#8220;0&#8243; sticky_enabled=&#8220;0&#8243;][/et_pb_image][et_pb_text admin_label=&#8220;Text&#8220; _builder_version=&#8220;4.24.2&#8243; z_index_tablet=&#8220;500&#8243; global_colors_info=&#8220;{}&#8220;]</p>
<h1>Zeit für Veränderungen</h1>
<p>Liebe Queidersbacherinnen, liebe Queidersbacher,</p>
<p>am 09. Juni stehen die Kommunalwahlen an. Ein entscheidender Moment für Queidersbachs Zukunft. Die FWG wirbt erneut um Ihr Vertrauen und Ihre Stimme.</p>
<p>Es sind nun seit der letzten Wahl schon wieder 5 Jahre vergangen. Heute wie damals haben sich unsere Ziele kaum verändert. Somit ist es nun an der Zeit klare Prioritäten zu setzen und in den nächsten 5 Jahr</p>
<p>en Projekte zügig in die Tat umzusetzen, um eine bessere Zukunft für Queidersbach zu gestalten.</p>
<p>Unser Ortsbürgermeisterkandidat steht für frischen Wind und möchte die Gemeinde beleben. Es ist Zeit für Veränderungen!</p>
<p>Ihre Unterstützung und Ihre Stimme sind uns wichtig. Vielen Dank.</p>
<p>Herzliche Grüße<br />Ihr</p>
<table style="border: medium; height: 167px;" border="0">
<tbody>
<tr style="height: 167px;">
<td style="border: medium; height: 167px; width: 350.1px;"><img loading="lazy" decoding="async" class="alignnone size-full wp-image-305" src="https://fwg-vg-landstuhl.de/queidersbach/wp-content/uploads/sites/2/2019/05/unterschrift-schmitt.png" alt="" width="200" height="101" /><br />Jürgen Schmitt<br />Vorsitzender der FWG Queidersbach</td>
<td style="border: medium; height: 167px; width: 350.083px;">
<h1><img loading="lazy" decoding="async" class="wp-image-356 aligncenter " src="https://fwg-vg-landstuhl.de/queidersbach/wp-content/uploads/sites/2/2024/05/Unterschrift-Florian-1-1.jpg" alt="" width="168" height="82" /></h1>
<p>Florian Müller<br />Ortsbürgermeisterkandidat der FWG</p>
</td>
</tr>
</tbody>
</table>
<p>&nbsp;</p>
<p>[/et_pb_text][/et_pb_column][et_pb_column type=&#8220;1_3&#8243; _builder_version=&#8220;4.16&#8243; custom_padding=&#8220;|||&#8220; global_colors_info=&#8220;{}&#8220; custom_padding__hover=&#8220;|||&#8220;][et_pb_search exclude_pages=&#8220;off&#8220; placeholder=&#8220;Suche&#8220; _builder_version=&#8220;4.16&#8243; custom_margin=&#8220;0px|||&#8220; z_index_tablet=&#8220;500&#8243; input_text_shadow_horizontal_length=&#8220;input_text_shadow_style,%91object Object%93&#8243; input_text_shadow_vertical_length=&#8220;input_text_shadow_style,%91object Object%93&#8243; input_text_shadow_blur_strength=&#8220;input_text_shadow_style,%91object Object%93&#8243; saved_tabs=&#8220;all&#8220; global_colors_info=&#8220;{}&#8220;][/et_pb_search][et_pb_countdown_timer title=&#8220;Am 09. Juni ist Wahl!&#8220; date_time=&#8220;2024-06-09 08:00&#8243; _builder_version=&#8220;4.24.2&#8243; use_background_color=&#8220;off&#8220; use_background_color_gradient=&#8220;on&#8220; background_color_gradient_type=&#8220;circular&#8220; background_color_gradient_stops=&#8220;rgba(74,117,158,0.15) 15%|rgba(0,83,159,0.25) 100%&#8220; background_color_gradient_start=&#8220;rgba(74,117,158,0.15)&#8220; background_color_gradient_start_position=&#8220;15%&#8220; background_color_gradient_end=&#8220;rgba(0,83,159,0.25)&#8220; vertical_offset_tablet=&#8220;0&#8243; horizontal_offset_tablet=&#8220;0&#8243; text_orientation=&#8220;left&#8220; background_layout=&#8220;light&#8220; custom_padding=&#8220;20px|20px|20px|20px&#8220; background_color_gradient_stops_tablet=&#8220;rgba(74,117,158,0.15) 15%|rgba(0,83,159,0.25) 100%&#8220; background_color_gradient_stops_phone=&#8220;rgba(74,117,158,0.15) 15%|rgba(0,83,159,0.25) 100%&#8220; z_index_tablet=&#8220;500&#8243; separator_text_shadow_horizontal_length_tablet=&#8220;0px&#8220; separator_text_shadow_vertical_length_tablet=&#8220;0px&#8220; separator_text_shadow_blur_strength_tablet=&#8220;1px&#8220; border_radii=&#8220;on|15px|15px|15px|15px&#8220; box_shadow_style=&#8220;preset2&#8243; global_module=&#8220;223&#8243; saved_tabs=&#8220;all&#8220; global_colors_info=&#8220;{}&#8220;][/et_pb_countdown_timer][et_pb_text admin_label=&#8220;Kontakt&#8220; _builder_version=&#8220;4.16&#8243; use_background_color_gradient=&#8220;on&#8220; background_color_gradient_type=&#8220;circular&#8220; background_color_gradient_stops=&#8220;rgba(74,117,158,0.15) 15%|rgba(0,83,159,0.25) 100%&#8220; background_color_gradient_start=&#8220;rgba(74,117,158,0.15)&#8220; background_color_gradient_start_position=&#8220;15%&#8220; background_color_gradient_end=&#8220;rgba(0,83,159,0.25)&#8220; custom_margin=&#8220;||20px|&#8220; custom_padding=&#8220;20px|20px|20px|20px&#8220; background_color_gradient_stops_tablet=&#8220;rgba(74,117,158,0.15) 15%|rgba(0,83,159,0.25) 100%&#8220; background_color_gradient_stops_phone=&#8220;rgba(74,117,158,0.15) 15%|rgba(0,83,159,0.25) 100%&#8220; z_index_tablet=&#8220;500&#8243; border_radii=&#8220;on|15px|15px|15px|15px&#8220; box_shadow_style=&#8220;preset2&#8243; global_module=&#8220;224&#8243; saved_tabs=&#8220;all&#8220; global_colors_info=&#8220;{}&#8220;]</p>
<h3><span style="color: #000000;">Kontakt zur FWG</span></h3>
<p><span style="color: #000000;">FWG – Freie Wählergruppe Ortsgemeinde Queidersbach e.V.<br />Jürgen Schmitt<br />Zum Woogacker 48<br />66851 Queidersbach<br />E-Mail: ju-sch@kabelmail.de<br /></span></p>
<p>[/et_pb_text][/et_pb_column][/et_pb_row][/et_pb_section]</p>

<p>Zeit für Veränderungen Liebe Queidersbacherinnen, liebe Queidersbacher, am 09. Juni stehen die Kommunalwahlen an. Ein entscheidender Moment für Queidersbachs Zukunft. Die FWG wirbt erneut um Ihr Vertrauen und Ihre Stimme. Es sind nun seit der letzten Wahl schon wieder 5 Jahre vergangen. Heute wie damals haben sich unsere Ziele kaum verändert. Somit ist es nun [&hellip;]</p>
